uppose u*x = -5 + 20. Suppose 0*c - 4*c - 2 = -2*w, 0 = -w - x*c + 11. What is the units digit of w?
5
Let w = 24 - 24. Suppose w = 2*q - 0*q - 58. What is the units digit of q?
9
Let y(p) be the second derivative of 5*p**2 - 1/12*p**4 - 1/6*p**3 + 0 - 2*p. What is the tens digit of y(0)?
1
Suppose -7 = -z - 60. Let u = 93 + z. What is the tens digit of u?
4
Let x be (-6770)/(-150) + (-2)/15. Let t = x - 26. What is the tens digit of t?
1
Let g(t) = t**3 + 12*t**2 + 12*t + 27. What is the units digit of g(-8)?
7
Suppose 3*r = -v + 32, 0 = v + 5*r - 10 - 20. Suppose 3*k = -3*a + 15, -7*a = -3*a + k - v. What is the tens digit of a?
1
Let m = 159 - -136. What is the units digit of m?
5
Let u be (-3)/(-6)*-1*-36. What is the tens digit of 1/(0 + 1/u)?
1
Suppose -4*z + 5*k + 432 = 0, -z + 104 = 5*k + 21. What is the units digit of z?
3
Suppose 0 = -5*a - 4*t + 1000, -15 = -t - 2*t. Suppose 4*c + 4 = a. Suppose c = 5*r - 27. What is the tens digit of r?
1
Let u(t) be the first derivative of 5/2*t**2 - 1/4*t**4 - 4*t - 3 + 2/3*t**3. What is the units digit of u(3)?
2
Suppose 0 = 15*t - 5*t - 1420. What is the units digit of t?
2
Let l(i) be the second derivative of 1/20*i**5 + 0 - i + 1/3*i**3 + 3/2*i**2 + 1/3*i**4. What is the units digit of l(-3)?
6
Suppose 0*w = -2*w + 8. Suppose 2*j = -2*v - 2*j + 2, 5*v - 2*j = 5. What is the units digit of -2 + v/(1/w)?
2
Suppose 58 + 70 = 2*x. What is the tens digit of x?
6
Suppose x - 4*j - 228 = 0, 3*x + x = 4*j + 900. What is the hundreds digit of x?
2
Let l = -85 + 268. What is the units digit of l?
3
What is the hundreds digit of (-5 - 0) + 3 + 175?
1
Suppose 0 + 3 = o. Suppose o*w = w. Suppose -2*a - b + 17 = w, a = -0*b - 3*b + 16. What is the units digit of a?
7
Suppose -34 = 27*y - 28*y. What is the tens digit of y?
3
Suppose 0 = -2*u + 3*u + 11. Let h = u + 29. What is the units digit of h?
8
Let o(f) = f**3 + 4*f**2 - 5*f + 1. Let z be o(-5). Let t(i) = 11*i - 1. What is the tens digit of t(z)?
1
Let r(u) = 15*u + 1. Suppose -x = -3*x + 2. What is the units digit of r(x)?
6
Suppose 0*j - 48 = 2*j. Let i be j/(-3)*(-10)/(-8). Let p = 16 - i. What is the units digit of p?
6
Suppose 1038 = 7*i - 26. What is the hundreds digit of i?
1
Let x = 67 - 26. What is the units digit of x?
1
Let p = -56 - -66. What is the tens digit of p?
1
Suppose 2*b + 23 = 5. Let m(j) = j**2 - 6*j - 6. Let p be m(6). Let n = p - b. What is the units digit of n?
3
Suppose -3*v = 94 + 20. Let i = v - -69. What is the tens digit of i?
3
Let g(u) = -4 - 5 + 3*u + 3 + 4*u**2 - u**3. Let j be g(4). What is the units digit of 2 + (-1 - 3) + j?
4
Suppose 3*j - 3*t = 792, 4*t = 5*j + 223 - 1543. What is the hundreds digit of j?
2
Suppose 5*l = 3*u - 60, -l + 7 = -u + 27. Let c = u + 1. Let v = 38 - c. What is the units digit of v?
7
Let y be (0/4)/(2/(-1)). Suppose y*n - n = -1. Let t(g) = 8*g**3 - g**2 + 1. What is the units digit of t(n)?
8
Let d(m) = 12*m**3 + 2*m**2 - 1. Let n be d(-1). Let r = n + -3. What is the units digit of (12/r)/(6/(-42))?
6
Let h(n) = -163*n**3 + n**2 + 3*n + 2. What is the tens digit of h(-1)?
6
Let z = 284 + -83. What is the tens digit of z?
0
Suppose -2*o + 22 - 68 = i, i = 4*o - 16. Let g = -14 - i. What is the tens digit of g?
2
Suppose -5*v = b - 27, -5*b + 3*v = -0*v + 5. What is the units digit of -5*-1*(b + 1)?
5
What is the units digit of 3/6 - (4 + 346/(-4))?
3
Let t(l) = 11*l + 76. What is the tens digit of t(7)?
5
Let c be 198/(-6) + 0/2. What is the tens digit of 224/22 + 6/c?
1
Suppose -3*i - 3*v + 0 = -6, -2*i + 4*v + 22 = 0. Let b = i + -2. Suppose -b*y + 16 + 2 = 0. What is the units digit of y?
6
Let d(h) = -h**3 - 8*h**2 + h + 11. What is the units digit of d(-9)?
3
Suppose -5*v + 98 = 3*s, 4*s - 11 = -3*v + 127. What is the units digit of s?
6
Let k be 1/2 + 17/(-2). Let c = 9 + k. Suppose 0 = -2*n + 3 - c. What is the units digit of n?
1
Let l(j) = j. Let o(c) = 0*c**2 - c**3 - 2*c**2 - 2 + 5*c + 5*c**2 - c. Let u be o(3). What is the tens digit of l(u)?
1
Suppose 2*i - 3*u - 226 = 0, -i + 3*u - 226 = -3*i. Suppose -5*c + t = -3*t - i, c - 2*t = 25. What is the units digit of c?
1
Let w = -39 - -75. What is the tens digit of w?
3
Let h(j) = j - 12. Let o(a) = a - 11. Let z(u) = -4*h(u) + 5*o(u). What is the units digit of z(9)?
2
Let w(u) = 1. Let n(d) = 2*d - 20. Let g(q) = -n(q) - 10*w(q). What is the tens digit of g(0)?
1
Let j(b) = -b**3 + 3*b**2 + 5. Let g be j(4). Let h(q) = -q + 3. What is the units digit of h(g)?
4
Let x be (1 - 1)/(-4 - -6). Suppose a + 2*y + 1 + 4 = x, -2*a + 5*y + 26 = 0. Suppose k + 15 - 50 = -3*j, j = -a*k + 9. What is the tens digit of j?
1
Let f(b) = b**2 + 6*b - 8. Let l be f(-7). Let t(r) = 13*r + 1. Let a be t(l). What is the units digit of (2/6)/((-1)/a)?
4
What is the tens digit of 36/1*6/12?
1
Let a(t) = 3*t - 3. Let d be a(2). Suppose v - d*v = -12. What is the units digit of v?
6
Let m = -82 - -91. What is the units digit of m?
9
Suppose 2*a + 82 = 4*p, 4*p - 101 = 4*a - 13. What is the units digit of p?
9
What is the units digit of (-3 - -4)/(2/22)?
1
Suppose 5*b = u + 4 + 3, u - 2*b - 2 = 0. What is the units digit of u?
8
Let j = 31 + -21. What is the tens digit of j?
1
Suppose 4*l = 2*l + 10. Suppose -l = -5*r, -2*w - w + 20 = 2*r. What is the units digit of w?
6
Let m = 5 + -7. What is the units digit of (m + 16)*(-3)/(-6)?
7
What is the tens digit of (10/7)/(9/63)?
1
Let l = 3 + -2. Suppose -l = -2*x + 3. What is the units digit of (-126)/(-33) - x/(-11)?
4
Let z(c) = -c + 8. Let p be z(6). Suppose u + p*u - 6 = 0. Let w(l) = l**3 - l**2 + l - 1. What is the units digit of w(u)?
5
Let u(t) = -2*t - 9. Let q(x) = -x - 5. Let l(n) = 5*q(n) - 3*u(n). What is the units digit of l(7)?
9
Suppose q = -q + 10. Let j be (-62)/(-10) + (-1)/q. Let v = j - -2. What is the units digit of v?
8
Let b be ((-3)/(-4))/((-2)/8). Let m = b + 9. What is the units digit of m?
6
Suppose 3*t - 1032 = 3*b, 0 = -3*t + 2*t - 5*b + 332. Let s = t - 238. Suppose 0 = 5*z + 2*f - s + 14, 89 = 4*z + 5*f. What is the units digit of z?
6
Let n = 78 + -44. What is the units digit of n?
4
Suppose 0*p = 4*p - 8. Suppose 0 = r + p*r - 15, -5*r = 4*o - 165. What is the tens digit of o?
3
Suppose 2*z - 4 = -3*s + 6*z, -5*s - z = 1. Suppose -d = -s - 2. What is the units digit of d?
2
Suppose 3*x = 122 + 7. What is the tens digit of x?
4
Let m be (-1)/(-1 + 2)*3. What is the units digit of (-4)/m + 2/3?
2
Suppose 2*h = 5 + 105. What is the tens digit of h?
5
Suppose -r + 5*j + 238 = 0, -r = -0*r - j - 218. What is the tens digit of r?
1
Let u(y) = -y + 10. Let w be u(9). Let r = w - -1. What is the units digit of r?
2
Let g = -2 - -1. What is the units digit of 1 - 2 - (g - 8)?
8
Suppose -o = -b + 5, -5*o = -o + 8. What is the units digit of b?
3
Suppose 2*a + 124 = 2*m - 0*a, -138 = -2*m - 5*a. What is the tens digit of m?
6
What is the tens digit of 42/(1/((-16)/(-12)))?
5
Suppose -4*l - 3*a + 21 = -0*l, l + 5*a - 18 = 0. Let d = 267 + -187. What is the units digit of l/4*d/5?
2
Suppose -18 - 194 = -5*l - 2*s, -2*s = -4*l + 184. Suppose 2*r + a - l = 6*a, -3*a - 24 = -r. Let x(w) = w**2 - 12*w + 15. What is the units digit of x(r)?
5
Let r = -112 + 182. What is the units digit of r?
0
Let m(g) = -8*g**3 - 4*g**2 + 6*g + 5. Let a(h) = -7*h**3 - 3*h**2 + 5*h + 4. Let l(n) = 6*a(n) - 5*m(n). What is the units digit of l(-1)?
3
Let c(m) = -5*m + 7. Let v(y) = -3*y + 4. Let a(i) = 4*c(i) - 7*v(i). Let h be a(3). Suppose 0 = -h*p + 5 + 7. What is the units digit of p?
4
Suppose 0*l = 4*l - 12, 2*m = 3*l - 3. Let g(v) = -7*v + 2*v - m*v - 1. What is the units digit of g(-1)?
7
Suppose 0 = d + 5*i - 4 - 19, -d = 3*i - 15. Let h = d - 6. What is the units digit of (1 - -2) + (h - -6)?
6
Let r = -126 - -184. What is the units digit of r?
8
Let c(i) = 4*i - i - 4*i + 2*i + 2*i**2. Let d be c(1). What is the units digit of (d + -1)*7/2?
7
Suppose -3*v + 6 = -v. Suppose -6*k + 9*k = v. What is the units digit of k?
1
Suppose 140 = 3*v - 2*b - 0*b, -2*v = -2*b - 90. Let m = v + -19. What is the units digit of m?
1
Let y(m) = m**2 - 7*m - 6. Let l be (-4)/14 + 8/28. Suppose 2*r + l*r = 16. What is the units digit of y(r)?
2
Let i(h) = 3*h - 1. Let o be i(6). Let v = 36 - o. What is the 